1 - (0 - -3). Suppose j*z = 4*z - 72. List the prime factors of z.
2, 3
Let v(t) = -9*t**3 + 2*t**2 + t + 3. List the prime factors of v(-2).
3
Suppose -26 = -2*y - 4. List the prime factors of y.
11
Suppose 3*w = 5*a + 140, 3*w + 2 = -a - 26. Let x = a - -41. List the prime factors of x.
13
Let y(p) = -12*p - 14. What are the prime factors of y(-3)?
2, 11
Let m(r) = -10*r**3 - 2*r**2 + r + 2. List the prime factors of m(-1).
3
Let i = -5 + 5. Suppose -l + 0*l + 9 = i. What are the prime factors of l?
3
Suppose -2 - 7 = -3*w. Suppose 0 = -q + 11 - w. What are the prime factors of q?
2
Let s = 5 - 3. Let l(f) = -2 + f**s + 6 - f + 0. What are the prime factors of l(0)?
2
Let b(y) = 2*y**2 + 5*y + 14. What are the prime factors of b(-4)?
2, 13
Let s(i) = -7*i**3 - 19*i**2 - 5*i - 14. Let n(w) = 4*w**3 + 10*w**2 + 2*w + 7. Let y(t) = -5*n(t) - 3*s(t). What are the prime factors of y(-6)?
13
Let l(n) = n**2 + n + 10. Let x(s) = s**2 + 5*s - 6. Let w be x(-6). List the prime factors of l(w).
2, 5
Suppose -3*d - 3*h = -495, -3*d + 104 + 395 = -h. What are the prime factors of d?
2, 83
Let o(n) = -2*n**3 - 5*n**2 - 4*n - 3. Let l(j) = -j**3 + j**2 + 1. Let x be l(2). List the prime factors of o(x).
2, 3
Suppose 30 = 5*b - 2*g - 3*g, 0 = b - 5*g - 14. Suppose 5*p - b*p - 5*s = 55, s + 5 = 0. Suppose -2*x - p = -5*x. What are the prime factors of x?
2, 5
Let d = -53 - -140. What are the prime factors of d?
3, 29
Suppose 0 = 4*s - 137 - 35. What are the prime factors of s?
43
Let f = -338 - -592. List the prime factors of f.
2, 127
Let y(w) be the second derivative of w**4/6 - 2*w**3/3 + w**2 + 2*w. What are the prime factors of y(3)?
2
Let q = 3 - 7. Let d be 3 + -1 - q/(-2). List the prime factors of 2 + (d - -9) + 1.
2, 3
Suppose -11 = -5*l + 29. Suppose -6 = 4*y - 3*y - 5*i, 3*y - 2*i = l. List the prime factors of y.
2
Let l be 36/8 + (-1)/(-2). Let x be 4/10 + (-7)/l. Let p = 5 - x. List the prime factors of p.
2, 3
Let l(z) = -z - 5. Let m be l(-5). Suppose m*x - 2*x = -10, -5*p + 2*x - 20 = 0. List the prime factors of (5/p - -1)*-2.
3
Let j be (-1 - -1)*(-1)/1. Let i(c) = -c**3 - 4*c**2 + 5*c - 3. Let h be i(-5). Let u = j - h. What are the prime factors of u?
3
Let n(y) = 3*y + 4. Let g be n(6). Suppose 3*o - 2*s - g = 0, -3*s - 2*s - 22 = -2*o. What are the prime factors of o?
2, 3
Let z = -173 - -252. List the prime factors of z.
79
Let p be 13/(-4) + 1/4. Let n(o) = -o**3 + 2*o**2 + 2*o + 3. Let u be n(3). Let g = u - p. What are the prime factors of g?
3
Let a(z) = z**3 - 4*z**2 + 3*z - 4. Let x be a(5). Suppose -3*t - 56 = 19. Let f = x + t. What are the prime factors of f?
11
Suppose 3*w = 2*w + 44. Suppose -2*j + w = -4*k, -3*j = -0*j + 5*k - 66. What are the prime factors of j?
2, 11
Let o(l) = 4*l + 3. Let n(h) = h - 1. Let z(u) = -3*n(u) + o(u). Let p = -6 + 3. List the prime factors of z(p).
3
Let o(c) = -7*c**2 - 15*c + 5. Let j(r) = -4*r**2 - 7*r + 3. Let s(d) = -5*j(d) + 3*o(d). What are the prime factors of s(-8)?
2
Suppose -12 = -3*v + 2*h, 0*v + 4*h + 8 = 2*v. What are the prime factors of (29 + -11)/(6/v)?
2, 3
Suppose 5 - 13 = -2*y. Suppose -c - y = 0, 5*h - 2*c = -3*c - 34. Let z(n) = -n**3 - 5*n**2 + 4*n - 8. List the prime factors of z(h).
2
Let a = -44 + 81. List the prime factors of a.
37
Let s be (0 + -10)*28/(-10). Let n = -12 + s. What are the prime factors of n?
2
Let s(w) = -2*w + 4. Let c be ((-6)/8)/((-2)/8). Let g(f) = -2*f + 5. Let v(k) = c*g(k) - 4*s(k). List the prime factors of v(4).
7
Let c(g) = 33*g - 21. What are the prime factors of c(6)?
3, 59
Suppose 2 = 4*y - 2*y. Let n = 21 - y. What are the prime factors of n?
2, 5
Suppose w + 6*m = m + 79, -3*m = -2*w + 132. List the prime factors of w.
3, 23
Suppose 3*v - 111 = -3*s, 7*v = -3*s + 2*v + 103. List the prime factors of s.
41
Suppose 0 = 4*k - 0*k + 3*x - 170, -2*x = k - 45. List the prime factors of k.
41
Let v = 17 - 29. List the prime factors of (v/(-21))/(4/14).
2
Let q = -44 - -74. Suppose -n - 45 = -4*h, 4*h - n + 3*n - q = 0. What are the prime factors of h?
2, 5
Suppose -2*i = 3*l - 8*l + 14, 3*i - 3*l + 3 = 0. Suppose -5*h + 29 = i*t, 4*t + 2*h - 33 = h. List the prime factors of t.
2
Suppose -21*z + 22 = -20*z. What are the prime factors of z?
2, 11
Suppose 3*u + d = 24, 3*u - 2*u = -5*d - 6. What are the prime factors of u?
3
Let t(y) = -y**3 - 4*y**2 + 4*y - 2. Let l = 8 + -13. Let f be t(l). Suppose -3*g - 30 = -5*s, -4*s + f*g + 2*g = -11. List the prime factors of s.
3
Suppose -5*y + 161 = 5*b - 49, -4*b + 4*y + 168 = 0. List the prime factors of b.
2, 3, 7
Suppose 3*q = 4*s + 184, 304 = 6*q - q - 4*s. List the prime factors of q.
2, 3, 5
Let y(o) = -o**3 + 13*o**2 + 16*o + 3. List the prime factors of y(14).
31
Let k = 227 + -151. What are the prime factors of k?
2, 19
What are the prime factors of 15/(-25) - (-348)/5?
3, 23
Suppose -3*q = 27 - 192. Suppose u + 5*h = -2*u + 132, 0 = u - 2*h - q. List the prime factors of u.
7
Let k(t) be the first derivative of t**2/2 + 2. Let i be k(3). Suppose i*z + z = 36. List the prime factors of z.
3
List the prime factors of 12/(-24)*(1 - 65).
2
Let m = 44 + -24. Suppose -5*h + 3*z = m, -9 = -4*h - 4*z + 7. Let x(k) = -13*k - 1. What are the prime factors of x(h)?
2, 3
Let k = 3 - 2. Suppose 3*s - 2*f + 0*f - 47 = 0, -f = k. Let x = s - 7. List the prime factors of x.
2
Suppose -276 = -0*u - 4*u - 4*w, 4*w - 8 = 0. Suppose -4*n - u + 19 = -4*l, 0 = -2*l + 5*n + 33. What are the prime factors of l?
3
Let r(m) = m**3 - 8*m**2 - 3*m - 5. Let g be r(7). Let a = -53 - g. Suppose 0 = -k - k + a. List the prime factors of k.
11
Let h(j) = j**2 + j - 1. Let x = -3 + 4. Let o be h(x). Let a(v) = 7*v**2. List the prime factors of a(o).
7
Let v = -262 - -385. List the prime factors of v.
3, 41
Let l = 25 + -46. Let w = 27 - l. Suppose a - 4*a + w = 0. List the prime factors of a.
2
Let d be (-68)/(-18) + (-2)/(-9). Suppose -5 = p + d*r, 2*r - 4*r + 1 = p. List the prime factors of p.
7
Suppose 0 = 2*z - 5*z + 24. Suppose -z = -3*y + v, 0*y + 4*y = -5*v - 2. What are the prime factors of y?
2
Let v(c) = c**2 - 7*c + 5. Let m be v(5). Let n = 9 + m. List the prime factors of n.
2
Let l(d) = d**3 - 7*d**2 - 5*d + 3. Let i(f) = -f**3 + 6*f**2 + 5*f - 4. Let q(j) = -3*i(j) - 2*l(j). What are the prime factors of q(5)?
2, 3
Suppose 6*u - 5*u = 40. List the prime factors of u.
2, 5
Let w(g) = 2*g**2 - 7*g - 1. List the prime factors of w(6).
29
Let v(l) = 3*l + 3. Let i be v(-3). Let r = i - -16. What are the prime factors of r?
2, 5
Suppose -3*t = -9, m + 4*t - t - 12 = 0. Let p = m - -6. List the prime factors of p.
3
Let s be (0 - -1)*(-1 - -1). Let n(l) = l**3 + 3*l**2 - 3*l - 4. Let z be n(-3). Let m = z + s. List the prime factors of m.
5
Suppose 3*p - 15 = -6. Let d(x) = x - x**p - 6 + 3*x + 8 + 5 + 4*x**2. What are the prime factors of d(5)?
2
Suppose 5*a - x - 705 = 0, 5*a + 2*x - 649 = 56. What are the prime factors of a?
3, 47
Suppose 2*v - 11 = b - 3*v, -4*v = 3*b - 24. Suppose 0 = -4*t - 2*d + 22, 0 = -2*t + t - b*d + 16. Suppose -3*x + t = -x. What are the prime factors of x?
2
Let f be (-2)/(-2*3/12). Suppose -5*x + w + 10 = 0, 5*x - f*x - 2 = -w. Suppose 3*g - 40 = -2*g - 5*z, -x*g + 3*z + 21 = 0. List the prime factors of g.
3
Suppose 0 = 4*a + 4*g - 36, 8*a - 4*a = -5*g + 33. Suppose -4*o + 30 = 5*j - 9*o, 2*j - 3*o - a = 0. Suppose -j*q = -2*q - 24. What are the prime factors of q?
2, 3
Suppose 0 = 6*w - 2*w - 4. Let p be (w - 2)*-2 + 8. Let j = 17 - p. What are the prime factors of j?
7
Let w = 168 - 113. What are the prime factors of w?
5, 11
Suppose 5*n = 4*n + 33. Suppose c = n - 2. List the prime factors of c.
31
Suppose 0 = 5*z + 2*r - 5*r - 10, -2*r = -2*z. Suppose 0 = -3*t - k + 2 + 18, 0 = -z*t - k + 30. What are the prime factors of -12*(5/(-2))/t?
2, 3
Let t(h) = 3*h**2 - 3*h - 2. What are the prime factors of t(4)?
2, 17
Let c be 7*(-1 - (0 + 2)). Let q = c + 24. What are the prime factors of q?
3
Let f(x) be the third derivative of -x**6/120 + x**4/24 + 3*x**2. Let j be f(2). Let a(l) = -l**2 - 8*l - 2. List the prime factors of a(j).
2, 5
Let v(u) = 7*u + 5. Let d(b) = 20*b + 14. Let l(f) = 6*d(f) - 17*v(f). List the prime factors of l(11).
2, 5
Suppose 0 = -3*r + 5*r. Suppos